 millions digit of 8252316?
8
What is the hundreds digit of 1761422?
4
What is the units digit of 407493?
3
What is the thousands digit of 1740932?
0
What is the ten thousands digit of 4380683?
8
What is the units digit of 8286195?
5
What is the thousands digit of 1738349?
8
What is the tens digit of 1093130?
3
What is the ten thousands digit of 32041295?
4
What is the thousands digit of 2011148?
1
What is the thousands digit of 2903899?
3
What is the thousands digit of 135546?
5
What is the ten thousands digit of 1542328?
4
What is the hundred thousands digit of 2631148?
6
What is the ten thousands digit of 8072783?
7
What is the ten thousands digit of 184608?
8
What is the hundred thousands digit of 6579064?
5
What is the hundred thousands digit of 306136?
3
What is the hundreds digit of 12735307?
3
What is the millions digit of 3830273?
3
What is the units digit of 239480?
0
What is the thousands digit of 742290?
2
What is the ten thousands digit of 258287?
5
What is the units digit of 703001?
1
What is the thousands digit of 2232285?
2
What is the units digit of 48536?
6
What is the hundred thousands digit of 6920166?
9
What is the tens digit of 1480173?
7
What is the units digit of 28261372?
2
What is the hundred thousands digit of 13904662?
9
What is the millions digit of 4529795?
4
What is the tens digit of 4614323?
2
What is the units digit of 6041734?
4
What is the units digit of 242011?
1
What is the hundreds digit of 356002?
0
What is the hundred thousands digit of 248017?
2
What is the hundreds digit of 246458?
4
What is the hundreds digit of 133566?
5
What is the thousands digit of 28968955?
8
What is the ten thousands digit of 110478?
1
What is the thousands digit of 2015314?
5
What is the tens digit of 38819729?
2
What is the hundreds digit of 233796?
7
What is the units digit of 334272?
2
What is the tens digit of 787910?
1
What is the ten thousands digit of 5309985?
0
What is the tens digit of 1787584?
8
What is the hundreds digit of 718263?
2
What is the thousands digit of 262993?
2
What is the hundred thousands digit of 13642804?
6
What is the units digit of 236946?
6
What is the thousands digit of 250802?
0
What is the hundred thousands digit of 2478379?
4
What is the millions digit of 1001678?
1
What is the thousands digit of 8292574?
2
What is the units digit of 2105325?
5
What is the units digit of 3597093?
3
What is the units digit of 4452399?
9
What is the units digit of 464180?
0
What is the hundreds digit of 739197?
1
What is the units digit of 129030?
0
What is the hundred thousands digit of 634332?
6
What is the ten thousands digit of 205851?
0
What is the units digit of 3786503?
3
What is the hundreds digit of 691000?
0
What is the millions digit of 2058685?
2
What is the ten thousands digit of 2377409?
7
What is the hundreds digit of 169222?
2
What is the tens digit of 2380341?
4
What is the thousands digit of 475948?
5
What is the tens digit of 8843272?
7
What is the tens digit of 12536201?
0
What is the units digit of 69713?
3
What is the ten thousands digit of 415575?
1
What is the millions digit of 1395415?
1
What is the units digit of 3826?
6
What is the ten thousands digit of 12245089?
4
What is the hundred thousands digit of 32528733?
5
What is the units digit of 328255?
5
What is the thousands digit of 1059436?
9
What is the ten thousands digit of 303752?
0
What is the units digit of 212128?
8
What is the units digit of 80982?
2
What is the ten thousands digit of 446606?
4
What is the hundred thousands digit of 272528?
2
What is the hundred thousands digit of 38531049?
5
What is the thousands digit of 560208?
0
What is the tens digit of 1012999?
9
What is the units digit of 70597?
7
What is the thousands digit of 4847827?
7
What is the hundreds digit of 407146?
1
What is the ten thousands digit of 145163?
4
What is the thousands digit of 898628?
8
What is the hundreds digit of 321823?
8
What is the units digit of 308189?
9
What is the units digit of 1562316?
6
What is the units digit of 43890?
0
What is the millions digit of 7042656?
7
What is the hundred thousands digit of 7414303?
4
What is the hundred thousands digit of 599707?
5
What is the millions digit of 6899140?
6
What is the ten thousands digit of 14881483?
8
What is the millions digit of 2202037?
2
What is the hundred thousands digit of 186723?
1
What is the millions digit of 2125053?
2
What is the hundreds digit of 319364?
3
What is the tens digit of 57839?
3
What is the hundreds digit of 253725?
7
What is the thousands digit of 283857?
3
What is the hundred thousands digit of 4304773?
3
What is the thousands digit of 17961160?
1
What is the hundred thousands digit of 1741524?
7
What is the hundred thousands digit of 5502989?
5
What is the millions digit of 15876236?
5
What is the tens digit of 666492?
9
What is the ten thousands digit of 18795063?
9
What is the tens digit of 688307?
0
What is the hundred thousands digit of 7812501?
8
What is the units digit of 7367798?
8
What is the hundred thousands digit of 2656417?
6
What is the thousands digit of 69016?
9
What is the units digit of 1919541?
1
What is the hundred thousands digit of 5531421?
5
What is the ten millions digit of 20073886?
2
What is the units digit of 8260418?
8
What is the thousands digit of 9829033?
9
What is the tens digit of 1481434?
3
What is the thousands digit of 1810082?
0
What is the thousands digit of 10167?
0
What is the units digit of 962440?
0
What is the ten thousands digit of 11694158?
9
What is the thousands digit of 869641?
9
What is the millions digit of 18015106?
8
What is the hundred thousands digit of 4017626?
0
What is the hundred thousands digit of 4668354?
6
What is the hundreds digit of 13965237?
2
What is the ten thousands digit of 360741?
6
What is the tens digit of 152673?
7
What is the hundreds digit of 5097331?
3
What is the hundreds digit of 130011?
0
What is the tens digit of 10918815?
1
What is the thousands digit of 178178?
8
What is the units digit of 4376264?
4
What is the tens digit of 3702215?
1
What is the hundreds digit of 10560?
5
What is the tens digit of 265379?
7
What is the ten thousands digit of 4131614?
3
What is the hundred thousands digit of 544899?
5
What is the hundreds digit of 1318296?
2
What is the units digit of 34877928?
8
What is the ten thousands digit of 17412063?
1
What is the units digit of 376339?
9
What is the tens digit of 10663?
6
What is the hundred thousands digit of 3017863?
0
What is the tens digit of 6117059?
5
What is the hundreds digit of 7134937?
9
What is the hundred thousands digit of 2036344?
0
What is the thousands digit of 58159?
8
What is the units digit of 8734443?
3
What is the hundreds digit of 391616?
6
What is the thousands digit of 590210?
0
What is the hundred thousands digit of 1851120?
8
What is the hundred thousands digit of 20956614?
9
What is the units digit of 624635?
5
What is the hundred thousands digit of 20992918?
9
What is the thousands digit of 12318902?
8
What is the hundreds digit of 289880?
8
What is the units digit of 68056?
6
What is the tens digit of 2446055?
5
What is the ten thousands digit of 28635352?
3
What is the units digit of 1067019?
9
What is the thousands digit of 15486421?
6
What is the units digit of 778831?
1
What is the hundreds digit of 34712?
7
What is the millions digit of 10567093?
0
What is the hundred thousands digit of 1075915?
0
What is the millions digit of 2994023?
2
What is the tens digit of 31248571?
7
What is the hundred thousands digit of 2607763?
6
What is the thousands digit of 31892?
1
What is the thousands digit of 2041751?
1
What is the tens digit of 20990?
9
What is the tens digit of 579758?
5
What is the hundreds digit of 981009?
0
What is the hundreds digit of 4216?
2
What is the thousands digit of 533846?
3
What is the thousands digit of 241674?
1
What is the hundred thousands digit of 26364112?
3
What is the units digit of 167374?
4
What is the thousands digit of 2122554?
2
What is the millions digit of 2150474?
2
What is the thousands digit of 339563?
9
What is the tens digit of 703053?
5
What is the ten thousands digit of 243364?
4
What is the millions digit of 5857020?
5
What is the hundreds digit of 1890000?
0
What is the tens 